{"id":1585,"date":"2023-04-16T11:51:21","date_gmt":"2023-04-16T11:51:21","guid":{"rendered":"https:\/\/demosites.royal-elementor-addons.com\/personal-blog-v3\/?page_id=100"},"modified":"2025-01-08T18:27:55","modified_gmt":"2025-01-08T21:27:55","slug":"about","status":"publish","type":"page","link":"https:\/\/portalraizesnoticias.com.br\/?page_id=1585","title":{"rendered":"About"},"content":{"rendered":"\t\t<div data-elementor-type=\"wp-page\" data-elementor-id=\"1585\" class=\"elementor elementor-1585\">\n\t\t\t\t\t\t<section class=\"elementor-section elementor-top-section elementor-element elementor-element-1ea01b6 elementor-section-boxed elementor-section-height-default elementor-section-height-default wpr-particle-no wpr-jarallax-no wpr-parallax-no wpr-sticky-section-no wpr-equal-height-no\" data-id=\"1ea01b6\" data-element_type=\"section\" data-e-type=\"section\">\n\t\t\t\t\t\t<div class=\"elementor-container elementor-column-gap-default\">\n\t\t\t\t\t<div class=\"elementor-column elementor-col-100 elementor-top-column elementor-element elementor-element-28e8aff\" data-id=\"28e8aff\" data-element_type=\"column\" data-e-type=\"column\">\n\t\t\t<div class=\"elementor-widget-wrap elementor-element-populated\">\n\t\t\t\t\t\t<section class=\"elementor-section elementor-inner-section elementor-element elementor-element-63f5517 elementor-section-boxed elementor-section-height-default elementor-section-height-default wpr-particle-no wpr-jarallax-no wpr-parallax-no wpr-sticky-section-no wpr-equal-height-no\" data-id=\"63f5517\" data-element_type=\"section\" data-e-type=\"section\" data-settings=\"{&quot;background_background&quot;:&quot;classic&quot;}\">\n\t\t\t\t\t\t<div class=\"elementor-container elementor-column-gap-default\">\n\t\t\t\t\t<div class=\"elementor-column elementor-col-100 elementor-inner-column elementor-element elementor-element-054bb1b\" data-id=\"054bb1b\" data-element_type=\"column\" data-e-type=\"column\">\n\t\t\t<div class=\"elementor-widget-wrap elementor-element-populated\">\n\t\t\t\t\t\t<div class=\"elementor-element elementor-element-ddfc640 elementor-widget elementor-widget-image\" data-id=\"ddfc640\" data-element_type=\"widget\" data-e-type=\"widget\" data-widget_type=\"image.default\">\n\t\t\t\t<div class=\"elementor-widget-container\">\n\t\t\t\t\t\t\t\t\t\t\t\t\t\t\t<img fetchpriority=\"high\" decoding=\"async\" width=\"1011\" height=\"384\" src=\"https:\/\/portalraizesnoticias.com.br\/wp-content\/uploads\/2024\/10\/Captura-de-tela-2024-10-21-224735-e1729561687561.png\" class=\"attachment-full size-full wp-image-1699\" alt=\"\" srcset=\"https:\/\/portalraizesnoticias.com.br\/wp-content\/uploads\/2024\/10\/Captura-de-tela-2024-10-21-224735-e1729561687561.png 1011w, https:\/\/portalraizesnoticias.com.br\/wp-content\/uploads\/2024\/10\/Captura-de-tela-2024-10-21-224735-e1729561687561-300x114.png 300w, https:\/\/portalraizesnoticias.com.br\/wp-content\/uploads\/2024\/10\/Captura-de-tela-2024-10-21-224735-e1729561687561-768x292.png 768w\" sizes=\"(max-width: 1011px) 100vw, 1011px\" \/>\t\t\t\t\t\t\t\t\t\t\t\t\t\t\t<\/div>\n\t\t\t\t<\/div>\n\t\t\t\t<div class=\"elementor-element elementor-element-2424401 elementor-widget elementor-widget-heading\" data-id=\"2424401\" data-element_type=\"widget\" data-e-type=\"widget\" data-widget_type=\"heading.default\">\n\t\t\t\t<div class=\"elementor-widget-container\">\n\t\t\t\t\t<h2 class=\"elementor-heading-title elementor-size-default\">Sobre mim e meu projeto:<\/h2>\t\t\t\t<\/div>\n\t\t\t\t<\/div>\n\t\t\t\t<div class=\"elementor-element elementor-element-14b4fab elementor-widget elementor-widget-text-editor\" data-id=\"14b4fab\" data-element_type=\"widget\" data-e-type=\"widget\" data-widget_type=\"text-editor.default\">\n\t\t\t\t<div class=\"elementor-widget-container\">\n\t\t\t\t\t\t\t\t\t<p><span style=\"vertical-align: inherit;\"><span style=\"vertical-align: inherit;\">O <\/span><\/span><em><span style=\"vertical-align: inherit;\"><span style=\"vertical-align: inherit;\">Portal Ra\u00edzes<\/span><\/span><\/em><span style=\"vertical-align: inherit;\"><span style=\"vertical-align: inherit;\"> \u00e9 mais do que um simples portal de not\u00edcias; somos uma plataforma dedicada a explorar as hist\u00f3rias que impactam o cotidiano e moldam o futuro. Nosso nome reflete o compromisso em ir al\u00e9m da superf\u00edcie, buscando as ra\u00edzes das quest\u00f5es mais importantes que permeiam a sociedade.<\/span><\/span><\/p><p><span style=\"vertical-align: inherit;\"><span style=\"vertical-align: inherit;\">Com uma abordagem imparcial e inclusiva, cobrimos uma ampla gama de t\u00f3picos \u2014 da pol\u00edtica e economia \u00e0 ci\u00eancia, cultura, educa\u00e7\u00e3o e sustentabilidade. Nossas mat\u00e9rias s\u00e3o pensadas para informar, questionar e estimular o senso cr\u00edtico dos leitores, oferecendo an\u00e1lises aprofundadas e perspectivas diversas.<\/span><\/span><\/p><p><span style=\"vertical-align: inherit;\"><span style=\"vertical-align: inherit;\">Acreditamos que a informa\u00e7\u00e3o de qualidade tem o poder de transformar indiv\u00edduos e comunidades. Por isso, nosso time de jornalistas e colaboradores trabalha incansavelmente para garantir que cada not\u00edcia seja verificada e apresentada de forma respons\u00e1vel, com um olhar atento aos fatos e ao impacto social.<\/span><\/span><\/p><p><span style=\"vertical-align: inherit;\"><span style=\"vertical-align: inherit;\">O <\/span><\/span><em><span style=\"vertical-align: inherit;\"><span style=\"vertical-align: inherit;\">Portal Ra\u00edzes<\/span><\/span><\/em><span style=\"vertical-align: inherit;\"><span style=\"vertical-align: inherit;\"> \u00e9 o espa\u00e7o onde voc\u00ea encontra not\u00edcias que fazem a diferen\u00e7a, com a credibilidade que voc\u00ea merece e o compromisso com a verdade que o nosso tempo exige.<\/span><\/span><\/p>\t\t\t\t\t\t\t\t<\/div>\n\t\t\t\t<\/div>\n\t\t\t\t<div class=\"elementor-element elementor-element-a9a0a73 elementor-widget elementor-widget-text-editor\" data-id=\"a9a0a73\" data-element_type=\"widget\" data-e-type=\"widget\" data-widget_type=\"text-editor.default\">\n\t\t\t\t<div class=\"elementor-widget-container\">\n\t\t\t\t\t\t\t\t\t<blockquote><p>&#8220;Porque a verdade informada \u00e9 o primeiro passo para a mudan\u00e7a.&#8221;<\/p><\/blockquote>\t\t\t\t\t\t\t\t<\/div>\n\t\t\t\t<\/div>\n\t\t\t\t<div class=\"elementor-element elementor-element-5fce0e4 elementor-widget-divider--view-line elementor-widget elementor-widget-divider\" data-id=\"5fce0e4\" data-element_type=\"widget\" data-e-type=\"widget\" data-widget_type=\"divider.default\">\n\t\t\t\t<div class=\"elementor-widget-container\">\n\t\t\t\t\t\t\t<div class=\"elementor-divider\">\n\t\t\t<span class=\"elementor-divider-separator\">\n\t\t\t\t\t\t<\/span>\n\t\t<\/div>\n\t\t\t\t\t\t<\/div>\n\t\t\t\t<\/div>\n\t\t\t\t<div class=\"elementor-element elementor-element-fc86b58 e-grid-align-mobile-center elementor-shape-rounded elementor-grid-0 e-grid-align-center elementor-widget elementor-widget-social-icons\" data-id=\"fc86b58\" data-element_type=\"widget\" data-e-type=\"widget\" data-widget_type=\"social-icons.default\">\n\t\t\t\t<div class=\"elementor-widget-container\">\n\t\t\t\t\t\t\t<div class=\"elementor-social-icons-wrapper elementor-grid\" role=\"list\">\n\t\t\t\t\t\t\t<span class=\"elementor-grid-item\" role=\"listitem\">\n\t\t\t\t\t<a class=\"elementor-icon elementor-social-icon elementor-social-icon-facebook-f elementor-animation-grow elementor-repeater-item-a188c8c\" href=\"https:\/\/www.facebook.com\/people\/Portal-Ra%C3%ADzes\/61565194822263\/\" target=\"_blank\">\n\t\t\t\t\t\t<span class=\"elementor-screen-only\">Facebook-f<\/span>\n\t\t\t\t\t\t<svg aria-hidden=\"true\" class=\"e-font-icon-svg e-fab-facebook-f\" viewBox=\"0 0 320 512\" xmlns=\"http:\/\/www.w3.org\/2000\/svg\"><path d=\"M279.14 288l14.22-92.66h-88.91v-60.13c0-25.35 12.42-50.06 52.24-50.06h40.42V6.26S260.43 0 225.36 0c-73.22 0-121.08 44.38-121.08 124.72v70.62H22.89V288h81.39v224h100.17V288z\"><\/path><\/svg>\t\t\t\t\t<\/a>\n\t\t\t\t<\/span>\n\t\t\t\t\t\t\t<span class=\"elementor-grid-item\" role=\"listitem\">\n\t\t\t\t\t<a class=\"elementor-icon elementor-social-icon elementor-social-icon-instagram elementor-animation-grow elementor-repeater-item-4b98cde\" href=\"https:\/\/www.instagram.com\/portal.raizes\/\" target=\"_blank\">\n\t\t\t\t\t\t<span class=\"elementor-screen-only\">Instagram<\/span>\n\t\t\t\t\t\t<svg aria-hidden=\"true\" class=\"e-font-icon-svg e-fab-instagram\" viewBox=\"0 0 448 512\" xmlns=\"http:\/\/www.w3.org\/2000\/svg\"><path d=\"M224.1 141c-63.6 0-114.9 51.3-114.9 114.9s51.3 114.9 114.9 114.9S339 319.5 339 255.9 287.7 141 224.1 141zm0 189.6c-41.1 0-74.7-33.5-74.7-74.7s33.5-74.7 74.7-74.7 74.7 33.5 74.7 74.7-33.6 74.7-74.7 74.7zm146.4-194.3c0 14.9-12 26.8-26.8 26.8-14.9 0-26.8-12-26.8-26.8s12-26.8 26.8-26.8 26.8 12 26.8 26.8zm76.1 27.2c-1.7-35.9-9.9-67.7-36.2-93.9-26.2-26.2-58-34.4-93.9-36.2-37-2.1-147.9-2.1-184.9 0-35.8 1.7-67.6 9.9-93.9 36.1s-34.4 58-36.2 93.9c-2.1 37-2.1 147.9 0 184.9 1.7 35.9 9.9 67.7 36.2 93.9s58 34.4 93.9 36.2c37 2.1 147.9 2.1 184.9 0 35.9-1.7 67.7-9.9 93.9-36.2 26.2-26.2 34.4-58 36.2-93.9 2.1-37 2.1-147.8 0-184.8zM398.8 388c-7.8 19.6-22.9 34.7-42.6 42.6-29.5 11.7-99.5 9-132.1 9s-102.7 2.6-132.1-9c-19.6-7.8-34.7-22.9-42.6-42.6-11.7-29.5-9-99.5-9-132.1s-2.6-102.7 9-132.1c7.8-19.6 22.9-34.7 42.6-42.6 29.5-11.7 99.5-9 132.1-9s102.7-2.6 132.1 9c19.6 7.8 34.7 22.9 42.6 42.6 11.7 29.5 9 99.5 9 132.1s2.7 102.7-9 132.1z\"><\/path><\/svg>\t\t\t\t\t<\/a>\n\t\t\t\t<\/span>\n\t\t\t\t\t\t\t<span class=\"elementor-grid-item\" role=\"listitem\">\n\t\t\t\t\t<a class=\"elementor-icon elementor-social-icon elementor-social-icon-tiktok elementor-animation-grow elementor-repeater-item-fb5323c\" href=\"https:\/\/www.tiktok.com\/@portal_raizes\" target=\"_blank\">\n\t\t\t\t\t\t<span class=\"elementor-screen-only\">Tiktok<\/span>\n\t\t\t\t\t\t<svg aria-hidden=\"true\" class=\"e-font-icon-svg e-fab-tiktok\" viewBox=\"0 0 448 512\" xmlns=\"http:\/\/www.w3.org\/2000\/svg\"><path d=\"M448,209.91a210.06,210.06,0,0,1-122.77-39.25V349.38A162.55,162.55,0,1,1,185,188.31V278.2a74.62,74.62,0,1,0,52.23,71.18V0l88,0a121.18,121.18,0,0,0,1.86,22.17h0A122.18,122.18,0,0,0,381,102.39a121.43,121.43,0,0,0,67,20.14Z\"><\/path><\/svg>\t\t\t\t\t<\/a>\n\t\t\t\t<\/span>\n\t\t\t\t\t<\/div>\n\t\t\t\t\t\t<\/div>\n\t\t\t\t<\/div>\n\t\t\t\t\t<\/div>\n\t\t<\/div>\n\t\t\t\t\t<\/div>\n\t\t<\/section>\n\t\t\t\t\t<\/div>\n\t\t<\/div>\n\t\t\t\t\t<\/div>\n\t\t<\/section>\n\t\t\t\t<\/div>\n\t\t","protected":false},"excerpt":{"rendered":"<p>Sobre mim e meu projeto: O Portal Ra\u00edzes \u00e9 mais do que um simples portal de not\u00edcias; somos uma plataforma dedicada a explorar as hist\u00f3rias que impactam o cotidiano e moldam o futuro. Nosso nome reflete o compromisso em ir al\u00e9m da superf\u00edcie, buscando as ra\u00edzes das quest\u00f5es mais importantes que permeiam a sociedade. Com uma abordagem imparcial e inclusiva, cobrimos uma ampla gama de t\u00f3picos \u2014 da pol\u00edtica e economia \u00e0 ci\u00eancia, cultura, educa\u00e7\u00e3o e sustentabilidade. Nossas mat\u00e9rias s\u00e3o pensadas para informar, questionar e estimular o senso cr\u00edtico dos leitores, oferecendo an\u00e1lises aprofundadas e perspectivas diversas. Acreditamos que a informa\u00e7\u00e3o de qualidade tem o poder de transformar indiv\u00edduos e comunidades. Por isso, nosso time de jornalistas e colaboradores trabalha incansavelmente para garantir que cada not\u00edcia seja verificada e apresentada de forma respons\u00e1vel, com um olhar atento aos fatos e ao impacto social. O Portal Ra\u00edzes \u00e9 o espa\u00e7o onde voc\u00ea encontra not\u00edcias que fazem a diferen\u00e7a, com a credibilidade que voc\u00ea merece e o compromisso com a verdade que o nosso tempo exige. &#8220;Porque a verdade informada \u00e9 o primeiro passo para a mudan\u00e7a.&#8221; Facebook-f Instagram Tiktok<\/p>\n","protected":false},"author":1,"featured_media":0,"parent":0,"menu_order":0,"comment_status":"closed","ping_status":"closed","template":"elementor_canvas","meta":{"_joinchat":[],"footnotes":""},"class_list":["post-1585","page","type-page","status-publish","hentry"],"yoast_head":"<!-- This site is optimized with the Yoast SEO plugin v24.4 - https:\/\/yoast.com\/wordpress\/plugins\/seo\/ -->\n<title>About - Portal raizes noticias<\/title>\n<meta name=\"robots\" content=\"index, follow, max-snippet:-1, max-image-preview:large, max-video-preview:-1\" \/>\n<link rel=\"canonical\" href=\"https:\/\/portalraizesnoticias.com.br\/?page_id=1585\" \/>\n<meta property=\"og:locale\" content=\"pt_BR\" \/>\n<meta property=\"og:type\" content=\"article\" \/>\n<meta property=\"og:title\" content=\"About - Portal raizes noticias\" \/>\n<meta property=\"og:description\" content=\"Sobre mim e meu projeto: O Portal Ra\u00edzes \u00e9 mais do que um simples portal de not\u00edcias; somos uma plataforma dedicada a explorar as hist\u00f3rias que impactam o cotidiano e moldam o futuro. Nosso nome reflete o compromisso em ir al\u00e9m da superf\u00edcie, buscando as ra\u00edzes das quest\u00f5es mais importantes que permeiam a sociedade. Com uma abordagem imparcial e inclusiva, cobrimos uma ampla gama de t\u00f3picos \u2014 da pol\u00edtica e economia \u00e0 ci\u00eancia, cultura, educa\u00e7\u00e3o e sustentabilidade. Nossas mat\u00e9rias s\u00e3o pensadas para informar, questionar e estimular o senso cr\u00edtico dos leitores, oferecendo an\u00e1lises aprofundadas e perspectivas diversas. Acreditamos que a informa\u00e7\u00e3o de qualidade tem o poder de transformar indiv\u00edduos e comunidades. Por isso, nosso time de jornalistas e colaboradores trabalha incansavelmente para garantir que cada not\u00edcia seja verificada e apresentada de forma respons\u00e1vel, com um olhar atento aos fatos e ao impacto social. O Portal Ra\u00edzes \u00e9 o espa\u00e7o onde voc\u00ea encontra not\u00edcias que fazem a diferen\u00e7a, com a credibilidade que voc\u00ea merece e o compromisso com a verdade que o nosso tempo exige. &#8220;Porque a verdade informada \u00e9 o primeiro passo para a mudan\u00e7a.&#8221; Facebook-f Instagram Tiktok\" \/>\n<meta property=\"og:url\" content=\"https:\/\/portalraizesnoticias.com.br\/?page_id=1585\" \/>\n<meta property=\"og:site_name\" content=\"Portal raizes noticias\" \/>\n<meta property=\"article:modified_time\" content=\"2025-01-08T21:27:55+00:00\" \/>\n<meta property=\"og:image\" content=\"https:\/\/portalraizesnoticias.com.br\/wp-content\/uploads\/2024\/10\/Captura-de-tela-2024-10-21-224735-e1729561687561.png\" \/>\n<meta name=\"twitter:card\" content=\"summary_large_image\" \/>\n<meta name=\"twitter:label1\" content=\"Est. tempo de leitura\" \/>\n\t<meta name=\"twitter:data1\" content=\"1 minuto\" \/>\n<script type=\"application\/ld+json\" class=\"yoast-schema-graph\">{\"@context\":\"https:\/\/schema.org\",\"@graph\":[{\"@type\":\"WebPage\",\"@id\":\"https:\/\/portalraizesnoticias.com.br\/?page_id=1585\",\"url\":\"https:\/\/portalraizesnoticias.com.br\/?page_id=1585\",\"name\":\"About - Portal raizes noticias\",\"isPartOf\":{\"@id\":\"https:\/\/portalraizesnoticias.com.br\/#website\"},\"primaryImageOfPage\":{\"@id\":\"https:\/\/portalraizesnoticias.com.br\/?page_id=1585#primaryimage\"},\"image\":{\"@id\":\"https:\/\/portalraizesnoticias.com.br\/?page_id=1585#primaryimage\"},\"thumbnailUrl\":\"https:\/\/portalraizesnoticias.com.br\/wp-content\/uploads\/2024\/10\/Captura-de-tela-2024-10-21-224735-e1729561687561.png\",\"datePublished\":\"2023-04-16T11:51:21+00:00\",\"dateModified\":\"2025-01-08T21:27:55+00:00\",\"breadcrumb\":{\"@id\":\"https:\/\/portalraizesnoticias.com.br\/?page_id=1585#breadcrumb\"},\"inLanguage\":\"pt-BR\",\"potentialAction\":[{\"@type\":\"ReadAction\",\"target\":[\"https:\/\/portalraizesnoticias.com.br\/?page_id=1585\"]}]},{\"@type\":\"ImageObject\",\"inLanguage\":\"pt-BR\",\"@id\":\"https:\/\/portalraizesnoticias.com.br\/?page_id=1585#primaryimage\",\"url\":\"https:\/\/portalraizesnoticias.com.br\/wp-content\/uploads\/2024\/10\/Captura-de-tela-2024-10-21-224735-e1729561687561.png\",\"contentUrl\":\"https:\/\/portalraizesnoticias.com.br\/wp-content\/uploads\/2024\/10\/Captura-de-tela-2024-10-21-224735-e1729561687561.png\",\"width\":1011,\"height\":384},{\"@type\":\"BreadcrumbList\",\"@id\":\"https:\/\/portalraizesnoticias.com.br\/?page_id=1585#breadcrumb\",\"itemListElement\":[{\"@type\":\"ListItem\",\"position\":1,\"name\":\"In\u00edcio\",\"item\":\"https:\/\/portalraizesnoticias.com.br\/\"},{\"@type\":\"ListItem\",\"position\":2,\"name\":\"About\"}]},{\"@type\":\"WebSite\",\"@id\":\"https:\/\/portalraizesnoticias.com.br\/#website\",\"url\":\"https:\/\/portalraizesnoticias.com.br\/\",\"name\":\"Portal raizes NOTICIAS\",\"description\":\"site de noticias de concei\u00e7\u00e3o do coit\u00e9 e regi\u00e3o\",\"publisher\":{\"@id\":\"https:\/\/portalraizesnoticias.com.br\/#organization\"},\"alternateName\":\"PORTAL RAIZES COIT\u00c9\",\"potentialAction\":[{\"@type\":\"SearchAction\",\"target\":{\"@type\":\"EntryPoint\",\"urlTemplate\":\"https:\/\/portalraizesnoticias.com.br\/?s={search_term_string}\"},\"query-input\":{\"@type\":\"PropertyValueSpecification\",\"valueRequired\":true,\"valueName\":\"search_term_string\"}}],\"inLanguage\":\"pt-BR\"},{\"@type\":\"Organization\",\"@id\":\"https:\/\/portalraizesnoticias.com.br\/#organization\",\"name\":\"Portal raizes NOTICIAS\",\"url\":\"https:\/\/portalraizesnoticias.com.br\/\",\"logo\":{\"@type\":\"ImageObject\",\"inLanguage\":\"pt-BR\",\"@id\":\"https:\/\/portalraizesnoticias.com.br\/#\/schema\/logo\/image\/\",\"url\":\"https:\/\/portalraizesnoticias.com.br\/wp-content\/uploads\/2024\/09\/cropped-Captura-de-tela-2024-09-08-011108.png\",\"contentUrl\":\"https:\/\/portalraizesnoticias.com.br\/wp-content\/uploads\/2024\/09\/cropped-Captura-de-tela-2024-09-08-011108.png\",\"width\":606,\"height\":173,\"caption\":\"Portal raizes NOTICIAS\"},\"image\":{\"@id\":\"https:\/\/portalraizesnoticias.com.br\/#\/schema\/logo\/image\/\"}}]}<\/script>\n<!-- \/ Yoast SEO plugin. -->","yoast_head_json":{"title":"About - Portal raizes noticias","robots":{"index":"index","follow":"follow","max-snippet":"max-snippet:-1","max-image-preview":"max-image-preview:large","max-video-preview":"max-video-preview:-1"},"canonical":"https:\/\/portalraizesnoticias.com.br\/?page_id=1585","og_locale":"pt_BR","og_type":"article","og_title":"About - Portal raizes noticias","og_description":"Sobre mim e meu projeto: O Portal Ra\u00edzes \u00e9 mais do que um simples portal de not\u00edcias; somos uma plataforma dedicada a explorar as hist\u00f3rias que impactam o cotidiano e moldam o futuro. Nosso nome reflete o compromisso em ir al\u00e9m da superf\u00edcie, buscando as ra\u00edzes das quest\u00f5es mais importantes que permeiam a sociedade. Com uma abordagem imparcial e inclusiva, cobrimos uma ampla gama de t\u00f3picos \u2014 da pol\u00edtica e economia \u00e0 ci\u00eancia, cultura, educa\u00e7\u00e3o e sustentabilidade. Nossas mat\u00e9rias s\u00e3o pensadas para informar, questionar e estimular o senso cr\u00edtico dos leitores, oferecendo an\u00e1lises aprofundadas e perspectivas diversas. Acreditamos que a informa\u00e7\u00e3o de qualidade tem o poder de transformar indiv\u00edduos e comunidades. Por isso, nosso time de jornalistas e colaboradores trabalha incansavelmente para garantir que cada not\u00edcia seja verificada e apresentada de forma respons\u00e1vel, com um olhar atento aos fatos e ao impacto social. O Portal Ra\u00edzes \u00e9 o espa\u00e7o onde voc\u00ea encontra not\u00edcias que fazem a diferen\u00e7a, com a credibilidade que voc\u00ea merece e o compromisso com a verdade que o nosso tempo exige. &#8220;Porque a verdade informada \u00e9 o primeiro passo para a mudan\u00e7a.&#8221; Facebook-f Instagram Tiktok","og_url":"https:\/\/portalraizesnoticias.com.br\/?page_id=1585","og_site_name":"Portal raizes noticias","article_modified_time":"2025-01-08T21:27:55+00:00","og_image":[{"url":"https:\/\/portalraizesnoticias.com.br\/wp-content\/uploads\/2024\/10\/Captura-de-tela-2024-10-21-224735-e1729561687561.png","type":"","width":"","height":""}],"twitter_card":"summary_large_image","twitter_misc":{"Est. tempo de leitura":"1 minuto"},"schema":{"@context":"https:\/\/schema.org","@graph":[{"@type":"WebPage","@id":"https:\/\/portalraizesnoticias.com.br\/?page_id=1585","url":"https:\/\/portalraizesnoticias.com.br\/?page_id=1585","name":"About - Portal raizes noticias","isPartOf":{"@id":"https:\/\/portalraizesnoticias.com.br\/#website"},"primaryImageOfPage":{"@id":"https:\/\/portalraizesnoticias.com.br\/?page_id=1585#primaryimage"},"image":{"@id":"https:\/\/portalraizesnoticias.com.br\/?page_id=1585#primaryimage"},"thumbnailUrl":"https:\/\/portalraizesnoticias.com.br\/wp-content\/uploads\/2024\/10\/Captura-de-tela-2024-10-21-224735-e1729561687561.png","datePublished":"2023-04-16T11:51:21+00:00","dateModified":"2025-01-08T21:27:55+00:00","breadcrumb":{"@id":"https:\/\/portalraizesnoticias.com.br\/?page_id=1585#breadcrumb"},"inLanguage":"pt-BR","potentialAction":[{"@type":"ReadAction","target":["https:\/\/portalraizesnoticias.com.br\/?page_id=1585"]}]},{"@type":"ImageObject","inLanguage":"pt-BR","@id":"https:\/\/portalraizesnoticias.com.br\/?page_id=1585#primaryimage","url":"https:\/\/portalraizesnoticias.com.br\/wp-content\/uploads\/2024\/10\/Captura-de-tela-2024-10-21-224735-e1729561687561.png","contentUrl":"https:\/\/portalraizesnoticias.com.br\/wp-content\/uploads\/2024\/10\/Captura-de-tela-2024-10-21-224735-e1729561687561.png","width":1011,"height":384},{"@type":"BreadcrumbList","@id":"https:\/\/portalraizesnoticias.com.br\/?page_id=1585#breadcrumb","itemListElement":[{"@type":"ListItem","position":1,"name":"In\u00edcio","item":"https:\/\/portalraizesnoticias.com.br\/"},{"@type":"ListItem","position":2,"name":"About"}]},{"@type":"WebSite","@id":"https:\/\/portalraizesnoticias.com.br\/#website","url":"https:\/\/portalraizesnoticias.com.br\/","name":"Portal raizes NOTICIAS","description":"site de noticias de concei\u00e7\u00e3o do coit\u00e9 e regi\u00e3o","publisher":{"@id":"https:\/\/portalraizesnoticias.com.br\/#organization"},"alternateName":"PORTAL RAIZES COIT\u00c9","potentialAction":[{"@type":"SearchAction","target":{"@type":"EntryPoint","urlTemplate":"https:\/\/portalraizesnoticias.com.br\/?s={search_term_string}"},"query-input":{"@type":"PropertyValueSpecification","valueRequired":true,"valueName":"search_term_string"}}],"inLanguage":"pt-BR"},{"@type":"Organization","@id":"https:\/\/portalraizesnoticias.com.br\/#organization","name":"Portal raizes NOTICIAS","url":"https:\/\/portalraizesnoticias.com.br\/","logo":{"@type":"ImageObject","inLanguage":"pt-BR","@id":"https:\/\/portalraizesnoticias.com.br\/#\/schema\/logo\/image\/","url":"https:\/\/portalraizesnoticias.com.br\/wp-content\/uploads\/2024\/09\/cropped-Captura-de-tela-2024-09-08-011108.png","contentUrl":"https:\/\/portalraizesnoticias.com.br\/wp-content\/uploads\/2024\/09\/cropped-Captura-de-tela-2024-09-08-011108.png","width":606,"height":173,"caption":"Portal raizes NOTICIAS"},"image":{"@id":"https:\/\/portalraizesnoticias.com.br\/#\/schema\/logo\/image\/"}}]}},"_links":{"self":[{"href":"https:\/\/portalraizesnoticias.com.br\/index.php?rest_route=\/wp\/v2\/pages\/1585"}],"collection":[{"href":"https:\/\/portalraizesnoticias.com.br\/index.php?rest_route=\/wp\/v2\/pages"}],"about":[{"href":"https:\/\/portalraizesnoticias.com.br\/index.php?rest_route=\/wp\/v2\/types\/page"}],"author":[{"embeddable":true,"href":"https:\/\/portalraizesnoticias.com.br\/index.php?rest_route=\/wp\/v2\/users\/1"}],"replies":[{"embeddable":true,"href":"https:\/\/portalraizesnoticias.com.br\/index.php?rest_route=%2Fwp%2Fv2%2Fcomments&post=1585"}],"version-history":[{"count":18,"href":"https:\/\/portalraizesnoticias.com.br\/index.php?rest_route=\/wp\/v2\/pages\/1585\/revisions"}],"predecessor-version":[{"id":3857,"href":"https:\/\/portalraizesnoticias.com.br\/index.php?rest_route=\/wp\/v2\/pages\/1585\/revisions\/3857"}],"wp:attachment":[{"href":"https:\/\/portalraizesnoticias.com.br\/index.php?rest_route=%2Fwp%2Fv2%2Fmedia&parent=1585"}],"curies":[{"name":"wp","href":"https:\/\/api.w.org\/{rel}","templated":true}]}}